{"id":121,"date":"2019-12-04T17:29:12","date_gmt":"2019-12-04T16:29:12","guid":{"rendered":"https:\/\/www.sipmet.org\/?page_id=121"},"modified":"2026-04-02T09:46:43","modified_gmt":"2026-04-02T07:46:43","slug":"iscrizione-rinnovo","status":"publish","type":"page","link":"https:\/\/www.sipmet.org\/index.php\/iscrizione-rinnovo\/","title":{"rendered":"Iscrizione\/rinnovo"},"content":{"rendered":"<section class=\"wpb-content-wrapper\"><p>[vc_row][vc_column][vc_column_text]<\/p>\n<p style=\"text-align: left;\">Gentilissime\/i,<\/p>\n<p style=\"text-align: justify;\">abbiamo il piacere di annunciarvi che da oggi \u00e8 attivo il nuovo sito web per la gestione delle iscrizioni e del rinnovo alla SIPMeT e la costruzione del database.<br \/>\nOgni socio potr\u00e0 da ora in poi gestire in completa autonomia tutte le fasi di iscrizione e rinnovo, nonch\u00e9 la propria visibilit\u00e0 all\u2019interno del sito SIPMeT.<br \/>\nPoich\u00e9 questo sar\u00e0 il nostro nuovo database, <strong>chiediamo anche a chi \u00e8 gi\u00e0 socio la cortesia di seguire la procedura di registrazion<\/strong>e per poter costruire il nuovo archivio.<\/p>\n<p style=\"text-align: left;\">Di seguito le istruzioni:<\/p>\n<p style=\"text-align: justify;\">1) Collegarsi al sito <a href=\"https:\/\/soci.sipmet.org\/\">soci.sipmet.org<\/a> cliccando sul pulsante in basso alla pagina, cliccare su \u201cnon sei ancora registrato\u201d e completare la procedura di iscrizione inserendo le credenziali.<br \/>\n2) Riceverete un\u2019e-mail con il link per la conferma dell\u2019account. Cliccare, entrare nel sito con le credenziali e andare su \u201cvai alla pagina di registrazione\u201d<\/p>\n<p style=\"text-align: justify;\"><span style=\"color: red;\">IMPORTANTE: lo step di conferma mediante il link \u00e8 necessario per poter procedere. Se non si riceve il link, controllare nella posta indesiderata.<\/span><\/p>\n<p>3) Completare le informazioni, caricare i documenti (CV e documento di identit\u00e0, facendo attenzione a non nominare i file utilizzando caratteri speciali quali &#8216; \/ &#8230;..).<\/p>\n<p style=\"text-align: justify;\"><strong>Per i Soci<\/strong>: non \u00e8 necessario inserire i soci presentatori ma sar\u00e0 sufficiente riscrivere il proprio nome, cognome indirizzo e-mail due volte.<br \/>\n<strong>Per gli aspiranti Soci<\/strong>: indicare nome ed indirizzo e-mail di due Soci SIPMeT presentatori che riceveranno notifica per e-mail.<br \/>\n4) Premere \u201cconferma\u201d.<br \/>\n5) A questo punto riceverete un\u2019e-mail che conferma l\u2019inserimento dei dati. Contemporaneamente, verr\u00e0 inviata un\u2019e-mail a tutti i membri del Consiglio Direttivo, che potranno visionare il dossier. La vostra domanda \u00e8 in attesa di approvazione.<br \/>\n6) Dopo una settimana, il richiedente ricever\u00e0 un\u2019mail con l\u2019esito della domanda; vi verr\u00e0 chiesto di procedere con il pagamento e di accedere nuovamente al portale per fare upload della quietanza (bonifico, mandato di pagamento, ricevuta).<br \/>\n7) Il tesoriere ricever\u00e0 l\u2019avviso dell\u2019avvenuto upload e, verificato il documento di pagamento, accetter\u00e0 l\u2019iscrizione. Da quel momento, il socio sar\u00e0 visibile sul sito e ricever\u00e0 notifica che \u00e8 iscritto alla Societ\u00e0.<br \/>\n8) Ad ogni socio verr\u00e0 ricordata ogni anno la scadenza del pagamento e di dover procedere con il caricamento della quietanza.<\/p>\n<p style=\"text-align: justify;\"><strong>N.B.: Si prega di controllare anche la cartella SPAM\/POSTA INDESIDERATA per controllare la ricezione delle e-mail di notifica.<\/strong><\/p>\n<p style=\"text-align: justify;\">Vi ringraziamo per la collaborazione, augurandoci che questa iniziativa sia gradita a tutti.<br \/>\nPer qualunque tipo di dubbio potete contattare l\u2019indirizzo <a href=\"mailto:segreteriagenerale.sipmet@gmail.com\">segreteriagenerale.sipmet@gmail.com<\/a>.<\/p>\n<p style=\"text-align: left;\">Un caro saluto<br \/>\nLa Segreteria SIPMeT<\/p>\n<p>[\/vc_column_text][vc_column_text css=&#8221;.vc_custom_1772096717735{border-top-width: 2px !important;border-right-width: 2px !important;border-bottom-width: 2px !important;border-left-width: 2px !important;padding-top: 20px !important;padding-right: 10px !important;padding-bottom: 20px !important;padding-left: 10px !important;border-left-color: #dd3333 !important;border-left-style: solid !important;border-right-color: #dd3333 !important;border-right-style: solid !important;border-top-color: #dd3333 !important;border-top-style: solid !important;border-bottom-color: #dd3333 !important;border-bottom-style: solid !important;border-radius: 2px !important;}&#8221;]<i><span data-olk-copy-source=\"MessageBody\">Quote associative SIPMeT a partire dal 2026:<\/span><\/i><\/p>\n<ul type=\"disc\">\n<li><i>\u20ac 90 per i soci ordinari<\/i><\/li>\n<li><i>\u20ac 30 per i soci di et\u00e0 inferiore a 40 anni<\/i><\/li>\n<\/ul>\n<p>[\/vc_column_text][vc_message message_box_color=&#8221;danger&#8221; icon_fontawesome=&#8221;fas fa-exclamation&#8221;]<\/p>\n<h5><span data-olk-copy-source=\"MessageBody\">ATTENZIONE per i soci con quote arretrate degli anni precedenti: nella finestra successiva il sistema fornisce il calcolo del dovuto inserendo anche per le quote del 2025 (e precedenti) la quota con il valore aggiornato del 2026. Dovr\u00e0 essere cura del socio ricalcolare l&#8217;importo del bonifico tenendo conto che le quote precedenti (per gli anni prima del 2026), sono pari a \u20ac 70 per i soci ordinari e \u20ac 20 per i soci di et\u00e0 inferiore ai 40 anni.\u00a0<\/span><\/h5>\n<p>[\/vc_message]<style type=\"text\/css\" data-type=\"the7_shortcodes-inline-css\">#default-btn-06692d08f0bb2f19b16894a9aa6a625d.ico-right-side > i {\n  margin-right: 0px;\n  margin-left: 8px;\n}\n#default-btn-06692d08f0bb2f19b16894a9aa6a625d > i {\n  margin-right: 8px;\n}<\/style><a href=\"https:\/\/soci.sipmet.org\" class=\"default-btn-shortcode dt-btn dt-btn-l link-hover-off btn-inline-left  vc_custom_1659359101469\" target=\"_blank\" id=\"default-btn-06692d08f0bb2f19b16894a9aa6a625d\" rel=\"noopener\"><span>ISCRIZIONE<\/span><\/a>[\/vc_column][\/vc_row][vc_row disable_element=&#8221;yes&#8221;][vc_column]<style type=\"text\/css\" data-type=\"the7_shortcodes-inline-css\">#default-btn-efbc8778a18255aab63df40a0bd6346a.ico-right-side > i {\n  margin-right: 0px;\n  margin-left: 8px;\n}\n#default-btn-efbc8778a18255aab63df40a0bd6346a > i {\n  margin-right: 8px;\n}<\/style><a href=\"target:_blank\" class=\"default-btn-shortcode dt-btn dt-btn-l link-hover-off btn-inline-left  vc_custom_1767775392109\" id=\"default-btn-efbc8778a18255aab63df40a0bd6346a\"><span>ISCRIZIONE\/RINNOVO PRESTO DISPONIBILI<\/span><\/a>[vc_column_text]<\/p>\n<h5><strong>Istruzioni per la richiesta di ammissione alla Societ\u00e0 Italiana di Patologia e Medicina Traslazionale (SIPMET)<\/strong><\/h5>\n<h5>1) L\u2019aspirante socio per presentare la domanda dovr\u00e0 compilare il modulo che pu\u00f2 trovare <a href=\"https:\/\/www.sipmet.org\/wp-content\/uploads\/2019\/12\/ModuloIscrizioneSIPrinnovato.doc\">cliccando qui<\/a> o nel bottone &#8220;Richiesta di ammissione&#8221;. Alla domanda dovr\u00e0 essere allegato il Curriculum Vitae.<\/h5>\n<h5>2) L\u2019esito della valutazione del Direttivo verr\u00e0 comunicato per mail al candidato. Se la richiesta risulter\u00e0 accolta positivamente il candidato potr\u00e0 procedere al pagamento della quota associativa per l\u2019anno in corso e a comunicarlo al Segretario\/Tesoriere.<\/h5>\n<p>[\/vc_column_text]<style type=\"text\/css\" data-type=\"the7_shortcodes-inline-css\">#default-btn-3e210a36605e8d0bc227b37df628bc66.ico-right-side > i {\n  margin-right: 0px;\n  margin-left: 8px;\n}\n#default-btn-3e210a36605e8d0bc227b37df628bc66 > i {\n  margin-right: 8px;\n}<\/style><a href=\"https:\/\/www.sipmet.org\/wp-content\/uploads\/2021\/09\/Modulo-richiesta-di-annissione-SIPMeT.doc\" class=\"default-btn-shortcode dt-btn dt-btn-l link-hover-off btn-inline-left  vc_custom_1630566707228\" target=\"_blank\" id=\"default-btn-3e210a36605e8d0bc227b37df628bc66\" rel=\"noopener\"><span>Richiesta di ammissione<\/span><\/a>[vc_column_text css=&#8221;.vc_custom_1630672982926{padding-top: 20px !important;}&#8221;]<\/p>\n<h5><strong>Dopo aver compilato la domanda d&#8217;iscrizione alla societ\u00e0 si prega di inviarla per e-mail a:<\/strong><\/h5>\n<h5>Prof Gianluca Canettieri<\/h5>\n<h5>Tel: +39 06-49255130<\/h5>\n<h5>E-mail:\u00a0<a href=\"mailto:segreteriagenerale.sipmet@gmail.com\">segreteriagenerale.sipmet@gmail.com<\/a><\/h5>\n<p>&nbsp;<\/p>\n<h5><strong>La quota associativa annuale \u00e8 di 20\u20ac per i soci sotto i 40 anni e di 70\u20ac per tutti gli altri.<\/strong><\/h5>\n<p>&nbsp;<\/p>\n<h5>Le modalit\u00e0 di pagamento sono:<\/h5>\n<h5>1) Bonifico Bancario su Conto Corrente intestato a &#8220;Societ\u00e0 Italiana di Patologia&#8221;<\/h5>\n<h5>2) Con bollettino postale su Conto Corrente intestato a &#8220;Societ\u00e0 Italiana di Patologia&#8221;<\/h5>\n<h5>3) Bollettino postale <a href=\"https:\/\/bancopostaonline.poste.it\/bpol\/bancoposta\/formslogin.aspx?TYPE=33554433&amp;REALMOID=06-67b8b137-8480-11d6-ac6e-009027fd3897&amp;GUID=NO&amp;SMAUTHREASON=0&amp;METHOD=GET&amp;SMAGENTNAME=-SM-YBZV3%2bJ1OhwOaFZrfwEkwjPQiDMm9hPDGC0bBz3UIns6wXpOiSuxqhPWqNebwkn0&amp;TARGET=-SM-%2fBPOL%2fbancoposta%2f\" rel=\"noopener noreferrer\">on-line<\/a>\u00a0pagabile con carta di credito (VISA, Mastercard, Postepay) per cui \u00e8 necessario effettuare la\u00a0<a href=\"http:\/\/www.poste.it\/online\/registrazione\/\">registrazione<\/a><\/h5>\n<p>[\/vc_column_text][vc_message message_box_color=&#8221;alert-info&#8221;]<\/p>\n<h5>CC BancoPosta intestato a SIPMeT<\/h5>\n<h5>IBAN \u00a0IT42U0760115600000064556459<\/h5>\n<p>[\/vc_message][vc_column_text]<\/p>\n<h5><strong>Invia\/correggi\/aggiorna i tuoi dati<\/strong><\/h5>\n<h5>Servizio rivolto ai soci che desiderano inserire o aggiornare i propri dati personali o correggere eventuali errori od omissioni.<\/h5>\n<h5>Per modifiche\/correzioni inviare una mail a:<\/h5>\n<h5>Prof Gianluca Canettieri<\/h5>\n<h5>Tel: +39 06-49255130<\/h5>\n<h5>E-mail:\u00a0<a href=\"mailto:segreteriagenerale.sipmet@gmail.com\">segreteriagenerale.sipmet@gmail.com<\/a><\/h5>\n<p>[\/vc_column_text]<style type=\"text\/css\" data-type=\"the7_shortcodes-inline-css\">#default-btn-1d746c5258be4f0d28826e840088636c.ico-right-side > i {\n  margin-right: 0px;\n  margin-left: 8px;\n}\n#default-btn-1d746c5258be4f0d28826e840088636c > i {\n  margin-right: 8px;\n}<\/style><a href=\"https:\/\/www.sipmet.org\/index.php\/soci\/\" class=\"default-btn-shortcode dt-btn dt-btn-l link-hover-off btn-inline-left \" target=\"_blank\" id=\"default-btn-1d746c5258be4f0d28826e840088636c\" rel=\"noopener\"><span>Lista dei soci<\/span><\/a>[\/vc_column][\/vc_row][vc_row disable_element=&#8221;yes&#8221;][vc_column][vc_column_text css=&#8221;.vc_custom_1579099339644{padding-top: 20px !important;}&#8221;]<\/p>\n<h5><strong>Dopo aver compilato la domanda d&#8217;iscrizione alla societ\u00e0 si prega di inviarla per e-mail a:<\/strong><\/h5>\n<h5 style=\"text-align: left;\" align=\"center\">Prof.ssa Raffaella Muraro<\/h5>\n<h5 style=\"text-align: left;\" align=\"center\">Tel: +39 0871-3554177<\/h5>\n<h5 style=\"text-align: left;\" align=\"center\">E-mail: <a href=\"mailto:muraro@unich.it\">muraro@unich.it<\/a><\/h5>\n<p>&nbsp;<\/p>\n<h5><strong>La quota associativa annuale \u00e8 di 40\u20ac per i soci sotto i 40 anni e di 70\u20ac per tutti gli altri.<\/strong><\/h5>\n<p>&nbsp;<\/p>\n<h5>Le modalit\u00e0 di pagamento sono:<\/h5>\n<h5>1) Bonifico Bancario su Conto Corrente intestato a &#8220;Societ\u00e0 Italiana di Patologia&#8221;<\/h5>\n<h5>2) Con bollettino postale su Conto Corrente intestato a &#8220;Societ\u00e0 Italiana di Patologia&#8221;<\/h5>\n<h5>3) Bollettino postale <a href=\"https:\/\/bancopostaonline.poste.it\/bpol\/bancoposta\/formslogin.aspx?TYPE=33554433&amp;REALMOID=06-67b8b137-8480-11d6-ac6e-009027fd3897&amp;GUID=NO&amp;SMAUTHREASON=0&amp;METHOD=GET&amp;SMAGENTNAME=-SM-YBZV3%2bJ1OhwOaFZrfwEkwjPQiDMm9hPDGC0bBz3UIns6wXpOiSuxqhPWqNebwkn0&amp;TARGET=-SM-%2fBPOL%2fbancoposta%2f\" rel=\"noopener noreferrer\">on-line<\/a>\u00a0pagabile con carta di credito (VISA, Mastercard, Postepay) per cui \u00e8 necessario effettuare la\u00a0<a href=\"http:\/\/www.poste.it\/online\/registrazione\/\">registrazione<\/a><\/h5>\n<h5>4) Mediante PayPal (servizio in aggiornamento, <span class=\"style1\">momentaneamente disattivato)<\/span><\/h5>\n<p>&nbsp;<\/p>\n<h5><input alt=\"PayPal - Il sistema di pagamento online pi\u00f9 facile e sicuro!\" name=\"submit\" src=\"https:\/\/www.paypal.com\/it_IT\/IT\/i\/btn\/btn_buynowCC_LG.gif\" type=\"image\" \/><\/h5>\n<p>[\/vc_column_text][\/vc_column][\/vc_row]<\/p>\n<\/section>","protected":false},"excerpt":{"rendered":"<p>[vc_row][vc_column][vc_column_text] Gentilissime\/i, abbiamo il piacere di annunciarvi che da oggi \u00e8 attivo il nuovo sito web per la gestione delle iscrizioni e del rinnovo alla SIPMeT e la costruzione del database. Ogni socio potr\u00e0 da ora in poi gestire in completa autonomia tutte le fasi di iscrizione e rinnovo, nonch\u00e9 la propria visibilit\u00e0 all\u2019interno del&hellip;<\/p>\n","protected":false},"author":1,"featured_media":0,"parent":0,"menu_order":0,"comment_status":"closed","ping_status":"closed","template":"","meta":{"footnotes":""},"class_list":["post-121","page","type-page","status-publish","hentry","description-off"],"yoast_head":"<!-- This site is optimized with the Yoast SEO plugin v27.1.1 - https:\/\/yoast.com\/product\/yoast-seo-wordpress\/ -->\n<title>Iscrizione\/rinnovo - SIPMeT<\/title>\n<meta name=\"robots\" content=\"index, follow, max-snippet:-1, max-image-preview:large, max-video-preview:-1\" \/>\n<link rel=\"canonical\" href=\"https:\/\/www.sipmet.org\/index.php\/iscrizione-rinnovo\/\" \/>\n<meta property=\"og:locale\" content=\"it_IT\" \/>\n<meta property=\"og:type\" content=\"article\" \/>\n<meta property=\"og:title\" content=\"Iscrizione\/rinnovo - SIPMeT\" \/>\n<meta property=\"og:description\" content=\"[vc_row][vc_column][vc_column_text] Gentilissime\/i, abbiamo il piacere di annunciarvi che da oggi \u00e8 attivo il nuovo sito web per la gestione delle iscrizioni e del rinnovo alla SIPMeT e la costruzione del database. Ogni socio potr\u00e0 da ora in poi gestire in completa autonomia tutte le fasi di iscrizione e rinnovo, nonch\u00e9 la propria visibilit\u00e0 all\u2019interno del&hellip;\" \/>\n<meta property=\"og:url\" content=\"https:\/\/www.sipmet.org\/index.php\/iscrizione-rinnovo\/\" \/>\n<meta property=\"og:site_name\" content=\"SIPMeT\" \/>\n<meta property=\"article:modified_time\" content=\"2026-04-02T07:46:43+00:00\" \/>\n<meta name=\"twitter:card\" content=\"summary_large_image\" \/>\n<meta name=\"twitter:label1\" content=\"Tempo di lettura stimato\" \/>\n\t<meta name=\"twitter:data1\" content=\"5 minuti\" \/>\n<script type=\"application\/ld+json\" class=\"yoast-schema-graph\">{\"@context\":\"https:\/\/schema.org\",\"@graph\":[{\"@type\":\"WebPage\",\"@id\":\"https:\/\/www.sipmet.org\/index.php\/iscrizione-rinnovo\/\",\"url\":\"https:\/\/www.sipmet.org\/index.php\/iscrizione-rinnovo\/\",\"name\":\"Iscrizione\/rinnovo - SIPMeT\",\"isPartOf\":{\"@id\":\"https:\/\/www.sipmet.org\/#website\"},\"datePublished\":\"2019-12-04T16:29:12+00:00\",\"dateModified\":\"2026-04-02T07:46:43+00:00\",\"breadcrumb\":{\"@id\":\"https:\/\/www.sipmet.org\/index.php\/iscrizione-rinnovo\/#breadcrumb\"},\"inLanguage\":\"it-IT\",\"potentialAction\":[{\"@type\":\"ReadAction\",\"target\":[\"https:\/\/www.sipmet.org\/index.php\/iscrizione-rinnovo\/\"]}]},{\"@type\":\"BreadcrumbList\",\"@id\":\"https:\/\/www.sipmet.org\/index.php\/iscrizione-rinnovo\/#breadcrumb\",\"itemListElement\":[{\"@type\":\"ListItem\",\"position\":1,\"name\":\"Home\",\"item\":\"https:\/\/www.sipmet.org\/\"},{\"@type\":\"ListItem\",\"position\":2,\"name\":\"Iscrizione\/rinnovo\"}]},{\"@type\":\"WebSite\",\"@id\":\"https:\/\/www.sipmet.org\/#website\",\"url\":\"https:\/\/www.sipmet.org\/\",\"name\":\"SIPMeT\",\"description\":\"Societa Italiana di Patologia e Medicina Traslazionale\",\"publisher\":{\"@id\":\"https:\/\/www.sipmet.org\/#organization\"},\"potentialAction\":[{\"@type\":\"SearchAction\",\"target\":{\"@type\":\"EntryPoint\",\"urlTemplate\":\"https:\/\/www.sipmet.org\/?s={search_term_string}\"},\"query-input\":{\"@type\":\"PropertyValueSpecification\",\"valueRequired\":true,\"valueName\":\"search_term_string\"}}],\"inLanguage\":\"it-IT\"},{\"@type\":\"Organization\",\"@id\":\"https:\/\/www.sipmet.org\/#organization\",\"name\":\"Sipmet - Societa Italiana di Patologia e Medicina Traslazionale\",\"url\":\"https:\/\/www.sipmet.org\/\",\"logo\":{\"@type\":\"ImageObject\",\"inLanguage\":\"it-IT\",\"@id\":\"https:\/\/www.sipmet.org\/#\/schema\/logo\/image\/\",\"url\":\"https:\/\/www.sipmet.org\/wp-content\/uploads\/2019\/10\/LogoSIP1grande-150.png\",\"contentUrl\":\"https:\/\/www.sipmet.org\/wp-content\/uploads\/2019\/10\/LogoSIP1grande-150.png\",\"width\":150,\"height\":161,\"caption\":\"Sipmet - Societa Italiana di Patologia e Medicina Traslazionale\"},\"image\":{\"@id\":\"https:\/\/www.sipmet.org\/#\/schema\/logo\/image\/\"}}]}<\/script>\n<!-- \/ Yoast SEO plugin. -->","yoast_head_json":{"title":"Iscrizione\/rinnovo - SIPMeT","robots":{"index":"index","follow":"follow","max-snippet":"max-snippet:-1","max-image-preview":"max-image-preview:large","max-video-preview":"max-video-preview:-1"},"canonical":"https:\/\/www.sipmet.org\/index.php\/iscrizione-rinnovo\/","og_locale":"it_IT","og_type":"article","og_title":"Iscrizione\/rinnovo - SIPMeT","og_description":"[vc_row][vc_column][vc_column_text] Gentilissime\/i, abbiamo il piacere di annunciarvi che da oggi \u00e8 attivo il nuovo sito web per la gestione delle iscrizioni e del rinnovo alla SIPMeT e la costruzione del database. Ogni socio potr\u00e0 da ora in poi gestire in completa autonomia tutte le fasi di iscrizione e rinnovo, nonch\u00e9 la propria visibilit\u00e0 all\u2019interno del&hellip;","og_url":"https:\/\/www.sipmet.org\/index.php\/iscrizione-rinnovo\/","og_site_name":"SIPMeT","article_modified_time":"2026-04-02T07:46:43+00:00","twitter_card":"summary_large_image","twitter_misc":{"Tempo di lettura stimato":"5 minuti"},"schema":{"@context":"https:\/\/schema.org","@graph":[{"@type":"WebPage","@id":"https:\/\/www.sipmet.org\/index.php\/iscrizione-rinnovo\/","url":"https:\/\/www.sipmet.org\/index.php\/iscrizione-rinnovo\/","name":"Iscrizione\/rinnovo - SIPMeT","isPartOf":{"@id":"https:\/\/www.sipmet.org\/#website"},"datePublished":"2019-12-04T16:29:12+00:00","dateModified":"2026-04-02T07:46:43+00:00","breadcrumb":{"@id":"https:\/\/www.sipmet.org\/index.php\/iscrizione-rinnovo\/#breadcrumb"},"inLanguage":"it-IT","potentialAction":[{"@type":"ReadAction","target":["https:\/\/www.sipmet.org\/index.php\/iscrizione-rinnovo\/"]}]},{"@type":"BreadcrumbList","@id":"https:\/\/www.sipmet.org\/index.php\/iscrizione-rinnovo\/#breadcrumb","itemListElement":[{"@type":"ListItem","position":1,"name":"Home","item":"https:\/\/www.sipmet.org\/"},{"@type":"ListItem","position":2,"name":"Iscrizione\/rinnovo"}]},{"@type":"WebSite","@id":"https:\/\/www.sipmet.org\/#website","url":"https:\/\/www.sipmet.org\/","name":"SIPMeT","description":"Societa Italiana di Patologia e Medicina Traslazionale","publisher":{"@id":"https:\/\/www.sipmet.org\/#organization"},"potentialAction":[{"@type":"SearchAction","target":{"@type":"EntryPoint","urlTemplate":"https:\/\/www.sipmet.org\/?s={search_term_string}"},"query-input":{"@type":"PropertyValueSpecification","valueRequired":true,"valueName":"search_term_string"}}],"inLanguage":"it-IT"},{"@type":"Organization","@id":"https:\/\/www.sipmet.org\/#organization","name":"Sipmet - Societa Italiana di Patologia e Medicina Traslazionale","url":"https:\/\/www.sipmet.org\/","logo":{"@type":"ImageObject","inLanguage":"it-IT","@id":"https:\/\/www.sipmet.org\/#\/schema\/logo\/image\/","url":"https:\/\/www.sipmet.org\/wp-content\/uploads\/2019\/10\/LogoSIP1grande-150.png","contentUrl":"https:\/\/www.sipmet.org\/wp-content\/uploads\/2019\/10\/LogoSIP1grande-150.png","width":150,"height":161,"caption":"Sipmet - Societa Italiana di Patologia e Medicina Traslazionale"},"image":{"@id":"https:\/\/www.sipmet.org\/#\/schema\/logo\/image\/"}}]}},"_links":{"self":[{"href":"https:\/\/www.sipmet.org\/index.php\/wp-json\/wp\/v2\/pages\/121","targetHints":{"allow":["GET"]}}],"collection":[{"href":"https:\/\/www.sipmet.org\/index.php\/wp-json\/wp\/v2\/pages"}],"about":[{"href":"https:\/\/www.sipmet.org\/index.php\/wp-json\/wp\/v2\/types\/page"}],"author":[{"embeddable":true,"href":"https:\/\/www.sipmet.org\/index.php\/wp-json\/wp\/v2\/users\/1"}],"replies":[{"embeddable":true,"href":"https:\/\/www.sipmet.org\/index.php\/wp-json\/wp\/v2\/comments?post=121"}],"version-history":[{"count":9,"href":"https:\/\/www.sipmet.org\/index.php\/wp-json\/wp\/v2\/pages\/121\/revisions"}],"predecessor-version":[{"id":1301,"href":"https:\/\/www.sipmet.org\/index.php\/wp-json\/wp\/v2\/pages\/121\/revisions\/1301"}],"wp:attachment":[{"href":"https:\/\/www.sipmet.org\/index.php\/wp-json\/wp\/v2\/media?parent=121"}],"curies":[{"name":"wp","href":"https:\/\/api.w.org\/{rel}","templated":true}]}}